{"id":162,"date":"2024-12-03T22:48:51","date_gmt":"2024-12-03T21:48:51","guid":{"rendered":"https:\/\/preziosissimo.org\/?page_id=162"},"modified":"2024-12-05T00:14:10","modified_gmt":"2024-12-04T23:14:10","slug":"fede-e-luce","status":"publish","type":"page","link":"https:\/\/preziosissimo.org\/index.php\/fraternita\/fede-e-luce\/","title":{"rendered":"Fede e Luce"},"content":{"rendered":"\n<p><strong>BACKUP VECCHIO SITO<\/strong><\/p>\n\n\n\n<p>Fede e Luce \u00e8 nata a Lourdes nella Pasqua del 1971 in occasione di un pellegrinaggio organizzato da&nbsp;<strong>Jean Vanier e Marie-H\u00e9l\u00e8ne Mathieu<\/strong>&nbsp;a cui parteciparono 12.000 persone delle quali 4.000 con disabilit\u00e0 mentale. I pellegrini continuarono poi a riunirsi regolarmente all\u2019interno di comunit\u00e0 per vivere momenti di amicizia, di preghiera e di festa.<br><strong>Fede e Luce<\/strong>&nbsp;\u00e8 sorta con l\u2019intento di sottrarre le famiglie alla tentazione di isolarsi e pian piano scoprire che proprio il loro figlio pi\u00f9 fragile pu\u00f2 essere fonte di comunione con gli altri.<br>Le comunit\u00e0, nel tempo, si sono moltiplicate fino a divenire migliaia in tutti i continenti del mondo. Ciascuna comunit\u00e0 raggruppa circa 30 persone \u2013 tra bambini, adolescenti o adulti con fragilit\u00e0 intellettive, le loro famiglie ed i loro amici \u2013 che si ritrovano per un po\u2019 di tempo (qualche ora, una giornata, un fine settimana, un pellegrinaggio, una vacanza\u2026) e stringono cos\u00ec legami di amicizia fedele.<br><strong>Alla persona resa fragile da handicap mentale<\/strong>&nbsp;Fede e Luce rivela che essa \u00e8 chiamata a donare tutte le ricchezze del suo cuore, la sua tenerezza e la sua fedelt\u00e0.<br><strong>Ai genitori<\/strong>&nbsp;Fede e Luce d\u00e0 un sostegno nelle loro difficolt\u00e0, li aiuta a cogliere la bellezza interiore del loro figlio e la sua vocazione originale.<br><strong>Agli amici<\/strong>&nbsp;Fede e Luce offre un cammino di amicizia con le persone con handicap e di impegno nei loro confronti e ciascuno scopre nell\u2019altro la presenza di Dio. Spesso emarginate, le persone con handicap hanno un valore unico, sacro. Amate da Dio, esse rivelano in modo particolare i valori del cuore e dell\u2019amore che mancano tanto al nostro mondo. Con loro, camminando al cuore della sofferenza umana, diventiamo insieme portatori di speranza e di unit\u00e0.<br>Ci incontriamo in parrocchia una domenica al mese per vivere insieme l\u2019amicizia, la festa e la preghiera.<\/p>\n\n\n\n<p><\/p>\n","protected":false},"excerpt":{"rendered":"<p>BACKUP VECCHIO SITO Fede e Luce \u00e8 nata a Lourdes nella Pasqua del 1971 in occasione di un pellegrinaggio organizzato da&nbsp;Jean Vanier e Marie-H\u00e9l\u00e8ne Mathieu&nbsp;a cui parteciparono 12.000 persone delle [&hellip;]<\/p>\n","protected":false},"author":3,"featured_media":359,"parent":42,"menu_order":0,"comment_status":"closed","ping_status":"closed","template":"","meta":{"_EventAllDay":false,"_EventTimezone":"","_EventStartDate":"","_EventEndDate":"","_EventStartDateUTC":"","_EventEndDateUTC":"","_EventShowMap":false,"_EventShowMapLink":false,"_EventURL":"","_EventCost":"","_EventCostDescription":"","_EventCurrencySymbol":"","_EventCurrencyCode":"","_EventCurrencyPosition":"","_EventDateTimeSeparator":"","_EventTimeRangeSeparator":"","_EventOrganizerID":[],"_EventVenueID":[],"_OrganizerEmail":"","_OrganizerPhone":"","_OrganizerWebsite":"","_VenueAddress":"","_VenueCity":"","_VenueCountry":"","_VenueProvince":"","_VenueState":"","_VenueZip":"","_VenuePhone":"","_VenueURL":"","_VenueStateProvince":"","_VenueLat":"","_VenueLng":"","_VenueShowMap":false,"_VenueShowMapLink":false,"footnotes":""},"class_list":["post-162","page","type-page","status-publish","has-post-thumbnail","hentry"],"_links":{"self":[{"href":"https:\/\/preziosissimo.org\/index.php\/wp-json\/wp\/v2\/pages\/162","targetHints":{"allow":["GET"]}}],"collection":[{"href":"https:\/\/preziosissimo.org\/index.php\/wp-json\/wp\/v2\/pages"}],"about":[{"href":"https:\/\/preziosissimo.org\/index.php\/wp-json\/wp\/v2\/types\/page"}],"author":[{"embeddable":true,"href":"https:\/\/preziosissimo.org\/index.php\/wp-json\/wp\/v2\/users\/3"}],"replies":[{"embeddable":true,"href":"https:\/\/preziosissimo.org\/index.php\/wp-json\/wp\/v2\/comments?post=162"}],"version-history":[{"count":4,"href":"https:\/\/preziosissimo.org\/index.php\/wp-json\/wp\/v2\/pages\/162\/revisions"}],"predecessor-version":[{"id":344,"href":"https:\/\/preziosissimo.org\/index.php\/wp-json\/wp\/v2\/pages\/162\/revisions\/344"}],"up":[{"embeddable":true,"href":"https:\/\/preziosissimo.org\/index.php\/wp-json\/wp\/v2\/pages\/42"}],"wp:featuredmedia":[{"embeddable":true,"href":"https:\/\/preziosissimo.org\/index.php\/wp-json\/wp\/v2\/media\/359"}],"wp:attachment":[{"href":"https:\/\/preziosissimo.org\/index.php\/wp-json\/wp\/v2\/media?parent=162"}],"curies":[{"name":"wp","href":"https:\/\/api.w.org\/{rel}","templated":true}]}}

<p><strong>BACKUP VECCHIO SITO</strong></p>



<p>Fede e Luce è nata a Lourdes nella Pasqua del 1971 in occasione di un pellegrinaggio organizzato da&nbsp;<strong>Jean Vanier e Marie-Hélène Mathieu</strong>&nbsp;a cui parteciparono 12.000 persone delle quali 4.000 con disabilità mentale. I pellegrini continuarono poi a riunirsi regolarmente all’interno di comunità per vivere momenti di amicizia, di preghiera e di festa.<br><strong>Fede e Luce</strong>&nbsp;è sorta con l’intento di sottrarre le famiglie alla tentazione di isolarsi e pian piano scoprire che proprio il loro figlio più fragile può essere fonte di comunione con gli altri.<br>Le comunità, nel tempo, si sono moltiplicate fino a divenire migliaia in tutti i continenti del mondo. Ciascuna comunità raggruppa circa 30 persone – tra bambini, adolescenti o adulti con fragilità intellettive, le loro famiglie ed i loro amici – che si ritrovano per un po’ di tempo (qualche ora, una giornata, un fine settimana, un pellegrinaggio, una vacanza…) e stringono così legami di amicizia fedele.<br><strong>Alla persona resa fragile da handicap mentale</strong>&nbsp;Fede e Luce rivela che essa è chiamata a donare tutte le ricchezze del suo cuore, la sua tenerezza e la sua fedeltà.<br><strong>Ai genitori</strong>&nbsp;Fede e Luce dà un sostegno nelle loro difficoltà, li aiuta a cogliere la bellezza interiore del loro figlio e la sua vocazione originale.<br><strong>Agli amici</strong>&nbsp;Fede e Luce offre un cammino di amicizia con le persone con handicap e di impegno nei loro confronti e ciascuno scopre nell’altro la presenza di Dio. Spesso emarginate, le persone con handicap hanno un valore unico, sacro. Amate da Dio, esse rivelano in modo particolare i valori del cuore e dell’amore che mancano tanto al nostro mondo. Con loro, camminando al cuore della sofferenza umana, diventiamo insieme portatori di speranza e di unità.<br>Ci incontriamo in parrocchia una domenica al mese per vivere insieme l’amicizia, la festa e la preghiera.</p>



<p></p>

<p>BACKUP VECCHIO SITO Fede e Luce è nata a Lourdes nella Pasqua del 1971 in occasione di un pellegrinaggio organizzato da&nbsp;Jean Vanier e Marie-Hélène Mathieu&nbsp;a cui parteciparono 12.000 persone delle [&hellip;]</p>
