{"id":112,"date":"2024-12-03T22:15:22","date_gmt":"2024-12-03T21:15:22","guid":{"rendered":"https:\/\/preziosissimo.org\/?page_id=112"},"modified":"2024-12-05T00:13:01","modified_gmt":"2024-12-04T23:13:01","slug":"storia","status":"publish","type":"page","link":"https:\/\/preziosissimo.org\/index.php\/la-parrocchia\/storia\/","title":{"rendered":"Storia"},"content":{"rendered":"\n<p><strong>BACKUP VECCHIO SITO<\/strong><\/p>\n\n\n\n<p>La parrocchia \u00e8 stata eretta il 22 ottobre 1957 con il decreto del Cardinale Vicario Clemente Micara &#8220;Etsi antistitem&#8221; ed affidata al clero diocesano di Roma. Il territorio, desunto da quello della parrocchia della Gran Madre di Dio, \u00e9 stato determinato entro i seguenti confini: dal &#8220;Fosso dell\u2019Acqua Traversa e dal fiume Tevere alla Via Cassia Nuova, fino ad incontrare Via Flaminia Nuova, arriva fino al ponte sul Tevere rientra nuovamente fino al Fosso derll\u2019Acqua Traversa summenzionato&#8221;. Il riconoscimento agli effetti civili \u00e8 stato decretato il 17 dicembre 1962. La propriet\u00e0 immobiliare \u00e8 della Pont. Opera per la Preservazione della Fede e la provvista di nuove Chiese in Roma. Il progetto architettonico \u00e8 di Nello Ena.<br>&nbsp;<br>Titolo presbiterale: Card. John NJUE<\/p>\n","protected":false},"excerpt":{"rendered":"<p>BACKUP VECCHIO SITO La parrocchia \u00e8 stata eretta il 22 ottobre 1957 con il decreto del Cardinale Vicario Clemente Micara &#8220;Etsi antistitem&#8221; ed affidata al clero diocesano di Roma. Il [&hellip;]<\/p>\n","protected":false},"author":2,"featured_media":220,"parent":105,"menu_order":0,"comment_status":"closed","ping_status":"closed","template":"","meta":{"_EventAllDay":false,"_EventTimezone":"","_EventStartDate":"","_EventEndDate":"","_EventStartDateUTC":"","_EventEndDateUTC":"","_EventShowMap":false,"_EventShowMapLink":false,"_EventURL":"","_EventCost":"","_EventCostDescription":"","_EventCurrencySymbol":"","_EventCurrencyCode":"","_EventCurrencyPosition":"","_EventDateTimeSeparator":"","_EventTimeRangeSeparator":"","_EventOrganizerID":[],"_EventVenueID":[],"_OrganizerEmail":"","_OrganizerPhone":"","_OrganizerWebsite":"","_VenueAddress":"","_VenueCity":"","_VenueCountry":"","_VenueProvince":"","_VenueState":"","_VenueZip":"","_VenuePhone":"","_VenueURL":"","_VenueStateProvince":"","_VenueLat":"","_VenueLng":"","_VenueShowMap":false,"_VenueShowMapLink":false,"footnotes":""},"class_list":["post-112","page","type-page","status-publish","has-post-thumbnail","hentry"],"_links":{"self":[{"href":"https:\/\/preziosissimo.org\/index.php\/wp-json\/wp\/v2\/pages\/112","targetHints":{"allow":["GET"]}}],"collection":[{"href":"https:\/\/preziosissimo.org\/index.php\/wp-json\/wp\/v2\/pages"}],"about":[{"href":"https:\/\/preziosissimo.org\/index.php\/wp-json\/wp\/v2\/types\/page"}],"author":[{"embeddable":true,"href":"https:\/\/preziosissimo.org\/index.php\/wp-json\/wp\/v2\/users\/2"}],"replies":[{"embeddable":true,"href":"https:\/\/preziosissimo.org\/index.php\/wp-json\/wp\/v2\/comments?post=112"}],"version-history":[{"count":4,"href":"https:\/\/preziosissimo.org\/index.php\/wp-json\/wp\/v2\/pages\/112\/revisions"}],"predecessor-version":[{"id":368,"href":"https:\/\/preziosissimo.org\/index.php\/wp-json\/wp\/v2\/pages\/112\/revisions\/368"}],"up":[{"embeddable":true,"href":"https:\/\/preziosissimo.org\/index.php\/wp-json\/wp\/v2\/pages\/105"}],"wp:featuredmedia":[{"embeddable":true,"href":"https:\/\/preziosissimo.org\/index.php\/wp-json\/wp\/v2\/media\/220"}],"wp:attachment":[{"href":"https:\/\/preziosissimo.org\/index.php\/wp-json\/wp\/v2\/media?parent=112"}],"curies":[{"name":"wp","href":"https:\/\/api.w.org\/{rel}","templated":true}]}}